10. Give f(3).
-8
Let v(r) = r**2 - 2038*r - 4074. Give v(-2).
6
Let z(t) = -54*t + 580. What is z(11)?
-14
Let y(k) = -2*k**2 - 22*k + 61. Give y(-18).
-191
Let w(n) = n**3 - 11*n**2 + 24*n + 42. Determine w(5).
12
Let h(o) = 79*o - 2690. Determine h(34).
-4
Let u(n) = n**3 + 29*n**2 + 181*n - 17. Give u(-14).
389
Let n(z) = 37*z - 439. What is n(12)?
5
Let k(z) = -5*z**2 + 226*z + 109. What is k(46)?
-75
Let x(q) = 1456*q - 1467. What is x(1)?
-11
Let s(p) = -p**3 - 11*p**2 + 28*p + 25. What is s(-13)?
-1
Let x(i) = 22*i**2 + 6889*i + 938. Determine x(-313).
-1
Let n(b) = b**3 - 28*b**2 - 3*b - 59. What is n(28)?
-143
Let s(j) = -42*j**2 - 30*j - 3. Give s(-1).
-15
Let f(x) = 2*x**3 - 11*x**2 + 29*x - 21. Give f(5).
99
Let h(v) = v**3 - 46*v**2 + 50*v - 2302. Give h(46).
-2
Let p(w) = w**3 - 53*w**2 + 544*w + 58. Give p(39).
-20
Let h(v) = -10*v**3 + 260*v**2 + v - 38. Determine h(26).
-12
Let b(o) = 16371*o**2 + 16361*o + 1. What is b(-1)?
11
Let z(g) = g**3 - 33*g**2 + 124*g - 238. Give z(29).
-6
Let h(n) = -3*n - 168. Give h(-37).
-57
Let g(h) = h**3 - 39*h**2 + 107*h - 75. Determine g(36).
-111
Let o(z) = -40*z + 101. Calculate o(-4).
261
Let n(p) = p**2 + 147*p + 2944. What is n(-24)?
-8
Let k(q) = -10*q + 80. Calculate k(25).
-170
Let y(f) = 38*f**2 + 25*f - 207. Determine y(2).
-5
Let c(d) = d**3 + 51*d**2 + 98*d + 2309. Give c(-50).
-91
Let u(w) = 16*w - 703. What is u(44)?
1
Let f(g) = -4*g**3 + 13*g**2 + 4*g + 2. What is f(4)?
-30
Let u(o) = -28*o + 240. What is u(8)?
16
Let b(j) = -110*j - 92. Give b(2).
-312
Let i(b) = -1144*b + 11424. Determine i(10).
-16
Let u(g) = g**3 + 5*g + 40. What is u(0)?
40
Let c(k) = 298*k - 208. What is c(1)?
90
Let n(h) = 22*h**2 - 859*h + 35. What is n(39)?
-4
Let n(w) = 18*w**2 + 662*w - 106. Determine n(-37).
42
Let a(y) = -676*y + 6177. Calculate a(9).
93
Let z(k) = k**2 - 64*k - 2948. Determine z(-31).
-3
Let c(y) = 190*y**3 + y**2 + 2*y + 2. Give c(-1).
-189
Let q(n) = -2*n**3 + 31*n**2 - 11*n + 416. Determine q(16).
-16
Let y(p) = -2*p**3 - 18*p**2 - 2*p - 22. Give y(-9).
-4
Let w(f) = -2*f**3 - 118*f**2 - 115*f + 60. Give w(-58).
2
Let t(y) = -5*y**2 + 25*y - 20. Calculate t(5).
-20
Let q(d) = 45*d - 2910. Calculate q(59).
-255
Let s(r) = r**3 - 9*r**2 - 78*r + 712. Determine s(9).
10
Let j(d) = 13*d**3 + 196*d**2 + 17*d - 12. Give j(-15).
-42
Let x(q) = 381*q - 142871. Give x(375).
4
Let u(t) = t**3 + 38*t**2 + 133*t - 93. What is u(-34)?
9
Let l(h) = -h**2 - 6*h + 70. Give l(8).
-42
Let b(w) = -w**2 + 62*w + 332. Calculate b(67).
-3
Let k(p) = -p**2 + 74*p - 552. Give k(8).
-24
Let r(s) = 22*s**2 - 894*s + 13. Calculate r(40).
-547
Let y(c) = -4430*c - 4430. Calculate y(-1).
0
Let g(l) = l**3 + 182*l**2 + 705*l - 1230. What is g(-178)?
16
Let l(y) = -137*y**2 + 15*y - 15. What is l(1)?
-137
Let z(j) = 38*j + 399. What is z(-21)?
-399
Let w(f) = -6*f**2 + 103*f + 2061. What is w(29)?
2
Let s(x) = 2*x**3 - 6*x**2 + 83*x - 247. Calculate s(3).
2
Let g(s) = -s**2 + 234*s + 51335. Give g(-138).
-1
Let f(q) = q**2 - 65*q + 392. Calculate f(58).
-14
Let k(g) = -688*g + 6896. Calculate k(10).
16
Let y(r) = -433*r - 1683. What is y(-4)?
49
Let t(b) = -b**3 - 17*b**2 - 20*b - 289. What is t(-17)?
51
Let j(h) = h**3 + 25*h**2 - 54*h - 32. Determine j(-27).
-32
Let r(p) = 6*p**3 + 6*p**2 - 12*p - 32. Determine r(-2).
-32
Let b(m) = 16*m + 58. What is b(-8)?
-70
Let k(j) = -j**3 + 22*j**2 - 111*j + 156. Calculate k(4).
0
Let n(u) = -7228*u + 43362. Calculate n(6).
-6
Let p(d) = -d**3 - 9*d**2 + 108*d - 70. What is p(-16)?
-6
Let r(o) = -o**3 - 8*o**2 - 23*o - 212. What is r(-8)?
-28
Let f(o) = 33*o**2 - 2. Calculate f(-1).
31
Let o(x) = -x**2 - 121*x + 551. Calculate o(5).
-79
Let v(q) = -2*q**3 - 27*q**2 + 41*q - 60. Give v(-15).
0
Let x(u) = -44*u**2 - 16*u - 34. Calculate x(-2).
-178
Let a(n) = 4*n**3 + 30*n**2 - 19*n - 17. What is a(-8)?
7
Let r(q) = -97*q + 105. Calculate r(1).
8
Let x(f) = 4*f**2 - 124*f + 320. What is x(28)?
-16
Let l(u) = -u**3 + 278*u**2 - 19257*u + 2. What is l(131)?
2
Let m(g) = 850*g + 6805. Give m(-8).
5
Let c(s) = 4*s**2 + 15*s - 28. Calculate c(4).
96
Let x(o) = o**3 - 18*o**2 + 35*o - 43. Determine x(15).
-193
Let c(j) = 5*j**3 - 519*j**2 - 104*j - 15. What is c(104)?
-15
Let n(a) = -a**2 + 45*a - 27. Calculate n(30).
423
Let q(g) = -10*g**2 + 311*g + 28. Calculate q(31).
59
Let u(r) = 2*r**3 + 77*r**2 - 29*r + 754. Determine u(-39).
364
Let z(a) = 1159*a + 1158. Calculate z(-1).
-1
Let p(g) = -5*g**3 + g - 30. Give p(0).
-30
Let t(b) = b**3 + 20*b**2 - 12*b + 3. Give t(-21).
-186
Let w(g) = -1969*g - 61038. Determine w(-31).
1
Let q(y) = 11*y**2 - 104*y + 78. Give q(9).
33
Let z(s) = -s**3 - 7*s**2 + 27*s + 9. What is z(-8)?
-143
Let a(u) = 1069*u + 6411. What is a(-6)?
-3
Let m(q) = -30*q**2 - 57*q + 4. Give m(-2).
-2
Let x(d) = -d**3 + 30*d**2 - 12*d + 211. Give x(30).
-149
Let c(p) = -3*p**2 - 5*p + 14. What is c(-16)?
-674
Let y(b) = 2*b**3 + 4*b**2 + 7*b + 9. What is y(3)?
120
Let q(o) = -o**3 + 29*o**2 + 36*o - 1057. Give q(29).
-13
Let a(b) = -80*b + 373. Give a(9).
-347
Let q(b) = -2*b**2 - 133*b + 9873. Give q(-111).
-6
Let x(n) = n**3 - 24*n**2 - 18*n - 93. Calculate x(25).
82
Let v(z) = -81*z + 669. What is v(3)?
426
Let z(b) = b**3 - 100*b**2 - 191*b - 1314. Give z(102).
12
Let l(m) = m**2 + 99*m + 1933. What is l(-28)?
-55
Let m(j) = 100*j**3 + j**2 + j - 1. What is m(1)?
101
Let f(a) = 5*a**2 + 26*a - 140. Calculate f(4).
44
Let g(j) = -306*j - 641. Determine g(-2).
-29
Let p(w) = -15*w**3 + 544*w**2 - 145*w + 36. Calculate p(36).
0
Let i(t) = 4*t**3 + 7*t**2 - 7*t - 13. What is i(-3)?
-37
Let c(b) = b**3 + 6*b**2 - 6*b + 6. Determine c(-4).
62
Let a(i) = i**2 - 19*i - 2031. Determine a(-37).
41
Let x(v) = -v**2 + 13*v - 26. Give x(11).
-4
Let w(v) = 2*v**2 - 411*v + 21082. Calculate w(97).
33
Let d(f) = -f**2 - 48*f - 664. What is d(-29)?
-113
Let c(u) = -8*u + 5. What is c(-5)?
45
Let k(x) = -2402*x + 16807. What is k(7)?
-7
Let p(t) = -2*t**3 + 4*t**2 - 18*t + 72. Determine p(5).
-168
Let w(r) = -2*r**3 + 12*r**2 - 7*r - 101. Calculate w(7).
-248
Let q(s) = -131*s - 5291. Calculate q(-40).
-51
Let u(f) = -543*f + 1590. What is u(3)?
-39
Let g(j) = -j**3 - 16*j**2 + 8*j - 4. Calculate g(-16).
-132
Let d(p) = -3*p**2 + 100*p + 135. Calculate d(36).
-153
Let o(h) = -738*h - 1476. Calculate o(-2).
0
Let d(a) = 80*a**2 + 45*a - 85. What is d(2)?
325
Let a(l) = -36*l - 333. Give a(-9).
-9
Let y(k) = -4*k**2 - 81*k + 166. Give y(2).
-12
Let w(g) = g**2 - 46*g + 457. Calculate w(15).
-8
Let t(b) = b**3 + 169*b**2 - 167*b + 506. Determine t(-170).
-4
Let c(g) = -407*g - 359. Determine c(-1).
48
Let n(r) = -r**3 + 28*r**2 - 110*r + 1506. What is n(26)?
-2
Let v(q) = -7*q**3 - 259*q**2 - 26. Give v(-37).
-26
Let g(x) = 17*x**2 + 45*x - 40. What is g(1)?
22
Let r(g) = -20*g + 1310. What is r(65)?
10
Let l(i) = 241*i**2 - 965*i + 9. What is l(4)?
5
Let j(q) = 586*q - 5. Calculate j(-1).
-591
Let i(g) = 12*g**3 + 47*g**2 - 9*g - 20. What is i(-4)?
0
Let k(h) = -75*h - 35. What is k(-1)?
40
Let v(w) = -w**3 - 22*w**2 + 436*w + 9592. Calculate v(-21).
-5
Let c(w) = -w**2 + 1162*w + 4661. Calculate c(-4).
-3
Let w(o) = o**3 + 88*o**2 - 2*o - 176. What is w(-88)?
0
Let s(r) = -3*r**2 - 325*r - 3295. Calculate s(-97).
3
Let j(l) = -l**3 + 107*l**2 + 109*l - 118. Determine j(108).
-10
Let h(l) = -142*l + 168. Calculate h(-7).
1162
Let v(i) = -4*i**2 + 74*i - 360. Calculate v(8).
-24
Let c(d) = 15*d**2 + 246*d + 662. Determine c(-13).
-1
Let w(z) = z**3 + 116*z**2 - 1537*z - 123. What is w(-128)?
5
Let l(d) = -3*d**2 + 74*d - 289. Give l(22).
-113
Let p(q) = -80*q + 10037. Give p(126).
-43
Let d(u) = u**2 + 22*u - 71. Give d(-19).
-128
Let x(c) = 70*c - 698. Give x(10).
2
Let o(c) = -1530*c + 39786. Determine o(26).
6
Let p(l) = 83*l + 401. What is p(-2)?
235
Let t(v) = v**3 + 13*v**2 + 60*v + 157. What is t(-8)?
-3
Let n(j) = -2*j**3 + 27*j**2 - 38*j - 197. Determine n(11).
-10
Let f(l) = -l**3 + 500*l**2 - 6332*l + 15. Determine f(13).
2
Let c(b) = b**2 + 254*b - 4865. Calculate c(18).
31
Let y(z) = z**2 - 29*z - 388. Give y(39).
2
Let n(a) = 6*a**2 - 2*a + 4. Calculate n(1).
8
Let l(p) = -40*p + 412. Determine l(7).
132
Let k(x) = 3*x**2 + 319*x + 1024. What is k(-1